?
16
Let o(i) = -2*i + 8. What is o(8)?
-8
Let b(u) = -22*u + 263. Calculate b(12).
-1
Let o(f) = -f**2 + 17*f + 7. Calculate o(12).
67
Let k(n) = -n**3 - 16*n**2 + 15*n - 10. Determine k(-17).
24
Let j(u) = -u**2 - 7*u - 18. Calculate j(-3).
-6
Let n(l) = l**3 - 5*l**2 + 2*l + 4. Calculate n(2).
-4
Let q(j) = 5*j - 6. Calculate q(-5).
-31
Let i(t) = -2*t**3 + 34*t**2 - 33*t + 22. Determine i(16).
6
Let w(g) = 24*g + 1. What is w(1)?
25
Let t(r) = r**3 + 19*r**2 + 19*r + 15. Determine t(-18).
-3
Let q(v) = -39*v - 215. Determine q(-6).
19
Let d(u) = -u + 4. What is d(3)?
1
Let m(h) = h**3 + 6*h**2 + 3*h - 2. Calculate m(-5).
8
Let u(w) = w**3 - 7*w**2 + 12*w - 9. Calculate u(5).
1
Let q(l) = -14*l - 357. Give q(-27).
21
Let i(s) = -2*s + 67. What is i(13)?
41
Let z(n) = 2*n**2 - 5*n - 15. What is z(-3)?
18
Let c(z) = -19*z + 41. Give c(-5).
136
Let a(j) = -2*j**2 + 5*j + 3. What is a(-4)?
-49
Let h(f) = -2*f**2 + 4*f - 5. Calculate h(0).
-5
Let w(q) = 14*q + 6. What is w(3)?
48
Let b(d) = -2*d - 10. Determine b(-11).
12
Let d(w) = -2*w**3 - w**2 + w + 13. Determine d(0).
13
Let k(y) = -2*y**3 + 5*y + 6. What is k(-3)?
45
Let r(f) = -f**2 - 79*f + 242. Determine r(3).
-4
Let l(d) = -d + 58. Calculate l(19).
39
Let g(t) = t - 20. What is g(13)?
-7
Let m(u) = 5*u + 25. Determine m(-6).
-5
Let r(v) = -v**3 + 6*v**2 + 8*v. Give r(7).
7
Let r(k) = -3*k + 16. Give r(7).
-5
Let u(v) = 2*v**2 - 16*v + 19. Calculate u(8).
19
Let c(d) = -d**2 - d + 36. Calculate c(-4).
24
Let i(x) = x**3 + 20*x**2 + 21*x + 9. Calculate i(-19).
-29
Let h(p) = -2*p**2 + 27*p + 49. Calculate h(15).
4
Let p(x) = -x**2 - 2*x. Give p(2).
-8
Let x(q) = 34*q**2 - 309*q + 29. Determine x(9).
2
Let u(q) = -10*q - 5. What is u(4)?
-45
Let q(n) = 2*n**2 + 6*n + 5. What is q(-2)?
1
Let b(n) = -n**2 + 2*n + 4. Calculate b(-3).
-11
Let o(k) = k + 35. Calculate o(-12).
23
Let q(z) = -37*z + 78. Calculate q(2).
4
Let m(x) = x**3 + 12*x**2 + 17*x - 20. Give m(-10).
10
Let f(t) = -t**3 + 2*t**2 + 3*t + 3. Give f(4).
-17
Let g(a) = -2*a + 2. Calculate g(-4).
10
Let y(s) = -2*s**2 + 28*s - 71. What is y(8)?
25
Let a(v) = -28*v - 397. What is a(-14)?
-5
Let s(w) = -w**3 - 14*w**2 + 14*w + 26. What is s(-15)?
41
Let f(z) = -z**2 - z + 10. Give f(-7).
-32
Let z(p) = -p - 25. Calculate z(-24).
-1
Let z(b) = 75*b**2 - b - 1. Calculate z(-1).
75
Let h(u) = u**3 + 15*u**2 - 33*u + 16. Determine h(-17).
-1
Let a(b) = b**2 + 5*b - 9. Determine a(-7).
5
Let m(x) = -x**2 + 27*x - 41. Give m(18).
121
Let x(p) = -2*p**2 - p + 24. Give x(4).
-12
Let q(x) = -4*x + 39. What is q(5)?
19
Let w(q) = q**3 + 18*q**2 - 20*q - 21. Give w(-19).
-2
Let g(j) = j**3 - 2*j**2 - 2*j - 3. Calculate g(3).
0
Let z(r) = -r**3 + 5*r**2 + 9*r + 6. Give z(7).
-29
Let c(w) = w. What is c(3)?
3
Let s(h) = h**3 + 4*h**2 + 10*h + 31. Determine s(-5).
-44
Let j(v) = -13*v**2 + 261*v - 15. What is j(20)?
5
Let r(k) = k**2 + 4*k + 3. Calculate r(-2).
-1
Let l(o) = 2*o**2 - 12*o + 21. Determine l(2).
5
Let g(b) = -3*b**2 - 2*b - 22. Determine g(-5).
-87
Let m(k) = k**2 - 23*k + 27. What is m(22)?
5
Let p(t) = t + 2. Calculate p(-8).
-6
Let f(i) = -i**2 - 16*i - 11. Give f(-15).
4
Let v(o) = o**2 - 7*o - 11. What is v(8)?
-3
Let x(b) = 5*b + 17. Determine x(-7).
-18
Let w(a) = 2*a**3 + 11*a**2 - 2*a + 16. Calculate w(-6).
-8
Let f(n) = -n**2 + 24*n - 15. Give f(11).
128
Let t(i) = 5*i + 4. Give t(3).
19
Let r(o) = o**3 + 7*o**2 - 2*o - 6. What is r(-7)?
8
Let i(z) = 3*z**2 + 4*z - 12. Calculate i(-6).
72
Let z(p) = 5*p**2 - p - 29. Determine z(5).
91
Let q(b) = 2*b**2 + 17*b - 4. Give q(-9).
5
Let d(f) = f**3 - 4*f**2 + 4*f - 18. What is d(5)?
27
Let y(s) = 16*s + 58. Give y(-10).
-102
Let r(v) = -v**3 + v + 122. Determine r(0).
122
Let m(r) = r**3 + 14*r**2 + 2*r + 8. What is m(-14)?
-20
Let q(z) = -z**3 + 8*z**2 - z + 7. Determine q(8).
-1
Let c(y) = 31*y + 63. What is c(-6)?
-123
Let d(h) = -3*h**3 - 4*h**2 + 2*h + 5. Determine d(-1).
2
Let x(n) = -30*n - 36. What is x(-6)?
144
Let x(z) = z**2 - 5*z - 2. Calculate x(4).
-6
Let q(j) = 7*j - 58. What is q(-4)?
-86
Let f(b) = b**3 - 12*b**2 - 15*b + 4. Give f(13).
-22
Let f(u) = u**3 + 8*u**2 + 13*u + 1. Calculate f(-6).
-5
Let s(z) = -z**2 - 9*z - 7. Determine s(-11).
-29
Let y(z) = 3*z - 14. Determine y(6).
4
Let t(b) = -2*b**2 - 4*b - 1. Calculate t(-4).
-17
Let a(k) = k**3 - 7*k**2 + 13*k - 20. Calculate a(5).
-5
Let m(l) = 9*l - 1. Determine m(2).
17
Let i(m) = 2*m**3 - 5*m**2 + 3*m + 4. What is i(3)?
22
Let w(a) = -a**3 - a**2 - a - 25. Calculate w(0).
-25
Let i(p) = -p**2 + 14*p - 11. Calculate i(11).
22
Let j(n) = 28*n - 28. What is j(2)?
28
Let j(f) = 2*f**2 + 2*f - 5. Give j(-3).
7
Let m(h) = h**2 + 84*h - 356. Give m(4).
-4
Let h(z) = 5*z. What is h(-3)?
-15
Let j(x) = x**2 - 10*x + 4. Determine j(9).
-5
Let p(y) = y**3 + 3*y**2 - 20*y - 19. What is p(-6)?
-7
Let w(d) = -2*d + 28. Determine w(11).
6
Let j(z) = -z**2 - 5*z - 18. What is j(-6)?
-24
Let a(h) = -h**2 - h - 1. Determine a(-4).
-13
Let o(b) = 6*b + 1. What is o(2)?
13
Let t(v) = -v. Give t(-5).
5
Let m(v) = -3*v + 5. Determine m(-10).
35
Let a(j) = j**2 + 10*j - 15. Determine a(-12).
9
Let m(n) = -2*n + 19. What is m(7)?
5
Let t(f) = -f**3 - 11*f**2 - 8*f + 9. What is t(-5)?
-101
Let g(w) = -w - 6. Give g(-5).
-1
Let j(m) = -m**2 + 47*m - 279. What is j(40)?
1
Let k(c) = 2*c**2 + 64*c - 60. Give k(-33).
6
Let i(w) = -43*w - 18. Calculate i(-1).
25
Let b(i) = 2*i**2 + 30*i + 15. Calculate b(-15).
15
Let s(t) = t + 20. What is s(11)?
31
Let m(x) = -x. What is m(-1)?
1
Let d(b) = b + 18. Calculate d(-8).
10
Let a(d) = d**3 + 5*d**2 + 17*d + 20. Give a(-3).
-13
Let h(f) = f**2 + 9*f + 9. Calculate h(-4).
-11
Let d(k) = 3*k**2 - 12*k + 16. Determine d(5).
31
Let a(g) = -g + 27. Give a(12).
15
Let d(p) = p**2 + 3*p + 4. Give d(-6).
22
Let q(h) = -h + 5. Determine q(-3).
8
Let b(u) = -u**3 - 13*u**2 - 6. Give b(-13).
-6
Let r(k) = -k**3 - 2*k**2 + 3*k - 3. Give r(-3).
-3
Let r(s) = 3*s**2 - 16*s + 18. Give r(5).
13
Let t(m) = -m**3 + m**2 + 2*m + 4. Calculate t(-4).
76
Let n(c) = 14*c + 215. What is n(-16)?
-9
Let l(v) = -2*v**2 + 45*v - 218. What is l(7)?
-1
Let i(y) = 3*y - 10. Calculate i(5).
5
Let v(d) = 3*d + 11. Give v(-1).
8
Let a(y) = 14*y - 40. Calculate a(3).
2
Let z(s) = s**3 - s**2 - 4*s - 3. Calculate z(-2).
-7
Let t(m) = m**2 - 19*m + 27. Calculate t(11).
-61
Let q(t) = 16*t**3 - 2*t - 3. Give q(-1).
-17
Let w(v) = 77*v - 3. Determine w(0).
-3
Let u(w) = 2*w - 9. Determine u(-4).
-17
Let v(q) = -3*q**2 - 100*q + 179. What is v(-35)?
4
Let f(l) = 107*l - 22. Determine f(2).
192
Let m(v) = -8*v**2 + 14*v - 1. What is m(1)?
5
Let c(w) = -w**3 - 10*w**2 - 10*w - 7. Determine c(-9).
2
Let o(g) = -g**2 + 10*g - 6. What is o(11)?
-17
Let i(w) = w**2 + 25*w + 71. Give i(-21).
-13
Let r(b) = b**2 - 2*b - 29. Determine r(10).
51
Let o(g) = -12*g - 34. Determine o(-4).
14
Let m(l) = -l**3 + 8*l**2 - 7*l - 8. Give m(7).
-8
Let n(x) = -7*x**2 - 4*x + 22. Determine n(4).
-106
Let v(u) = u**3 + 11*u**2 + u + 17. What is v(-11)?
6
Let g(j) = -2*j - 100. What is g(-31)?
-38
Let m(f) = 3*f**2 - 26*f - 10. Give m(9).
-1
Let t(y) = -y**2 + 5. What is t(3)?
-4
Let z(j) = j**2 - 11*j - 33. Determine z(13).
-7
Let j(h) = 6*h - 11. What is j(3)?
7
Let k(b) = b**2 - 77*b - 1173. What is k(-13)?
-3
Let i(m) = m**2 + 4*m + 20. Determine i(-6).
32
Let x(m) = -m**3 - 4*m**2 + 4. Determine x(-3).
-5
Let o(w) = w**2 - 3*w + 2. What is o(4)?
6
Let f(j) = j**2 + 7*j + 10. Determine f(-6).
4
Let q(k) = 2*k + 8. What is q(6)?
20
Let b(f) = 2*f - 19. What is b(10)?
1
Let v(u) = -7*u - 128. Give v(-18).
-2
Let n(o) = o**3 - 16*o**2 - 15*o + 24. Give n(17).
58
Let b(o) = -15*o + 410. Calculate b(27).
5
Let o(s) = 2*s**3 + 3*s**2 - 6*s - 6. Determine o(-3).
-15
Let q(g) = 16*g - 8. Give q(-6).
-104
Let f(a) = -6*a - 71. Calculate f(-11).
-5
Let r(o) = o**2 + 20*o + 13. Calculate r(-19).
-6
Let c(s) = 4*s + 6. What is c(-2)?
-2
Let z(k) = -k + 5. Give z(16).
-11
Let a(n) = -n**3 + 14*n**2 - n + 18. Determine a(14).
4
Let w(f) = -f**3 + 29*f**2 + f - 33. Give w(29).
-4
Let l(p) = 5*p - 116. Determine l(19).
-21
Let c(h) = h**3 - 4*h**2 - 4*h - 38. Calculate c(6).
10
Let b(p) = -p**2 - 7*p + 41. Calculate b(-8).
33
Let d(w) = -w**2 - 6*w - 19.